{"id":440,"date":"2016-12-06T09:02:54","date_gmt":"2016-12-06T10:02:54","guid":{"rendered":"https:\/\/www.hoerundjetzt.ch\/?page_id=440"},"modified":"2019-09-16T19:46:05","modified_gmt":"2019-09-16T20:46:05","slug":"freitag-24-maerz-2017-gast-franziska-baumann","status":"publish","type":"page","link":"https:\/\/www.hoerundjetzt.ch\/?page_id=440","title":{"rendered":"Freitag,  24. M\u00e4rz  2017   Gast: Franziska Baumann, Stimme"},"content":{"rendered":"<p style=\"text-align: right;\"><em><a href=\"https:\/\/www.hoerundjetzt.ch\/\">Startseite<\/a><\/em><\/p>\n<p><strong>FREITAG, 24. M\u00c4RZ 2017, 20 UHR<br \/>\n<\/strong>PIANOLOUNGE AARAU WEST\u00a0<span style=\"font-size: 10pt;\">Sch\u00f6nenwerderstrasse 42, 5000 Aarau\u00a0<\/span><span style=\"font-size: 10pt;\"><em><a href=\"https:\/\/www.google.de\/maps\/place\/Sch\u00f6nenwerderstrasse+42,+5000+Aarau,+Schweiz\/@47.3858356,8.0348698,17z\/data=!3m1!4b1!4m2!3m1!1s0x47903bc02c61f077:0xfef480aff1b214a4\" target=\"_blank\" rel=\"noopener noreferrer\">Karte<br \/>\n<\/a><\/em><\/span><span style=\"font-size: 10pt;\">Bar ab 19.00 Uhr, Eintritt CHF 25.-\/10.- ,\u00a0<\/span><span style=\"font-size: 10pt;\">Kein Vorverkauf, Abendkasse<br \/>\n<\/span>FRANZISKA BAUMANN &#8211; STIMME<br \/>\nRUEDI DEBRUNNER &#8211; KLARINETTE, KLAVIER<br \/>\nMARCO K\u00c4PPELI &#8211; PERCUSSION<br \/>\n______________________________________________<br \/>\n<img loading=\"lazy\" decoding=\"async\" class=\"wp-image-442 aligncenter\" src=\"https:\/\/www.hoerundjetzt.ch\/wp-content\/uploads\/2016\/12\/Franziska-Baumann-live-300x207.jpeg\" alt=\"franziska-baumann-live\" width=\"659\" height=\"454\" srcset=\"https:\/\/www.hoerundjetzt.ch\/wp-content\/uploads\/2016\/12\/Franziska-Baumann-live-300x207.jpeg 300w, https:\/\/www.hoerundjetzt.ch\/wp-content\/uploads\/2016\/12\/Franziska-Baumann-live-1024x706.jpeg 1024w\" sizes=\"auto, (max-width: 659px) 100vw, 659px\" \/><strong>Franziska Baumann<\/strong><br \/>\nist S\u00e4ngerin, Improvisatorin-Komponistin und Klangk\u00fcnstlerin.<br \/>\nRege internationale Konzertt\u00e4tigkeit als Solistin, in verschiedenen\u00a0Formationen und mit interdisziplin\u00e4ren Projekten. Als Vokalistin hat sie das expressive Potential der Stimme enorm erweitert und zu einem eigenen Instrument entwickelt. Am STEIM Amsterdam entwickelte sie ein elektronisch interaktives Instrumentarium \u2013 einen Sensorhandschuh, der ihr erlaubt, Stimm-, Klang- und Raumartikulationen gestisch in Echtzeit zu kontrollieren. Ihr Repertoire als Komponistin umfasst Raumklangprojekte und Stimminszenierungen, elektroakustische und notierte Kompositionen und interdisziplin\u00e4re Arbeiten.<br \/>\nSie erhielt verschiedene Werk- und F\u00f6rderungsbeitr\u00e4ge, ist Preistr\u00e4gerin von Junge KomponistInnen Bern (1994) und erhielt 2008 den Anerkennungspreis der Musikkomission des Kantons Bern.<br \/>\nSie ist Dozentin f\u00fcr Improvisation-Komposition und Gesang-Vokalperformance an der Hochschule der K\u00fcnste Bern. Mitarbeit in den BFH-Forschungsprojekten Klang (ohne) K\u00f6rper (2007\/08) und Gesture Performance (2009\/10).<br \/>\n<a href=\"http:\/\/www.franziskabaumann.ch\" target=\"_blank\" rel=\"noopener noreferrer\">www.franziskabaumann.ch<\/a><\/p>\n<p><strong><a href=\"https:\/\/www.hoerundjetzt.ch\/?page_id=106\">Duo K\u00e4ppeli\/Debrunner<\/a><\/strong><\/p>\n<p><img loading=\"lazy\" decoding=\"async\" class=\"alignnone wp-image-110\" src=\"https:\/\/www.hoerundjetzt.ch\/wp-content\/uploads\/2016\/03\/Duo-1-300x175.jpg\" alt=\"Duo\" width=\"828\" height=\"483\" srcset=\"https:\/\/www.hoerundjetzt.ch\/wp-content\/uploads\/2016\/03\/Duo-1-300x175.jpg 300w, https:\/\/www.hoerundjetzt.ch\/wp-content\/uploads\/2016\/03\/Duo-1-1024x596.jpg 1024w, https:\/\/www.hoerundjetzt.ch\/wp-content\/uploads\/2016\/03\/Duo-1.jpg 1162w\" sizes=\"auto, (max-width: 706px) 89vw, (max-width: 767px) 82vw, 740px\" \/><\/p>\n","protected":false},"excerpt":{"rendered":"<p>Startseite FREITAG, 24. M\u00c4RZ 2017, 20 UHR PIANOLOUNGE AARAU WEST\u00a0Sch\u00f6nenwerderstrasse 42, 5000 Aarau\u00a0Karte Bar ab 19.00 Uhr, Eintritt CHF 25.-\/10.- ,\u00a0Kein Vorverkauf, Abendkasse FRANZISKA BAUMANN &#8211; STIMME RUEDI DEBRUNNER &#8211; KLARINETTE, KLAVIER MARCO K\u00c4PPELI &#8211; PERCUSSION ______________________________________________ Franziska Baumann ist S\u00e4ngerin, Improvisatorin-Komponistin und Klangk\u00fcnstlerin. Rege internationale Konzertt\u00e4tigkeit als Solistin, in verschiedenen\u00a0Formationen und mit interdisziplin\u00e4ren Projekten. &hellip; <\/p>\n<p class=\"link-more\"><a href=\"https:\/\/www.hoerundjetzt.ch\/?page_id=440\" class=\"more-link\"><span class=\"screen-reader-text\">\u201eFreitag,  24. M\u00e4rz  2017   Gast: Franziska Baumann, Stimme\u201c <\/span>weiterlesen<\/a><\/p>\n","protected":false},"author":1,"featured_media":0,"parent":0,"menu_order":0,"comment_status":"closed","ping_status":"closed","template":"","meta":{"footnotes":""},"class_list":["post-440","page","type-page","status-publish","hentry"],"_links":{"self":[{"href":"https:\/\/www.hoerundjetzt.ch\/index.php?rest_route=\/wp\/v2\/pages\/440","targetHints":{"allow":["GET"]}}],"collection":[{"href":"https:\/\/www.hoerundjetzt.ch\/index.php?rest_route=\/wp\/v2\/pages"}],"about":[{"href":"https:\/\/www.hoerundjetzt.ch\/index.php?rest_route=\/wp\/v2\/types\/page"}],"author":[{"embeddable":true,"href":"https:\/\/www.hoerundjetzt.ch\/index.php?rest_route=\/wp\/v2\/users\/1"}],"replies":[{"embeddable":true,"href":"https:\/\/www.hoerundjetzt.ch\/index.php?rest_route=%2Fwp%2Fv2%2Fcomments&post=440"}],"version-history":[{"count":10,"href":"https:\/\/www.hoerundjetzt.ch\/index.php?rest_route=\/wp\/v2\/pages\/440\/revisions"}],"predecessor-version":[{"id":945,"href":"https:\/\/www.hoerundjetzt.ch\/index.php?rest_route=\/wp\/v2\/pages\/440\/revisions\/945"}],"wp:attachment":[{"href":"https:\/\/www.hoerundjetzt.ch\/index.php?rest_route=%2Fwp%2Fv2%2Fmedia&parent=440"}],"curies":[{"name":"wp","href":"https:\/\/api.w.org\/{rel}","templated":true}]}}