{"id":1515,"date":"2022-12-29T07:17:59","date_gmt":"2022-12-29T08:17:59","guid":{"rendered":"https:\/\/www.hoerundjetzt.ch\/?page_id=1515"},"modified":"2023-03-08T06:45:57","modified_gmt":"2023-03-08T07:45:57","slug":"freitag-25-august-2023-gast-claude-meier-bass","status":"publish","type":"page","link":"https:\/\/www.hoerundjetzt.ch\/?page_id=1515","title":{"rendered":"FREITAG, 16. JUNI 2023, GAST: CLAUDE MEIER &#8211; BASS"},"content":{"rendered":"<p><strong>FREITAG, 16. JUNI 2023, 20 UHR<br \/>\n<\/strong>PIANOLOUNGE AARAU Sch\u00f6nenwerderstrasse 42, 5000 Aarau\u00a0<em><a href=\"https:\/\/www.google.de\/maps\/place\/Sch\u00f6nenwerderstrasse+42,+5000+Aarau,+Schweiz\/@47.3858356,8.0348698,17z\/data=!3m1!4b1!4m2!3m1!1s0x47903bc02c61f077:0xfef480aff1b214a4\" target=\"_blank\" rel=\"noopener noreferrer\">Karte<br \/>\n<\/a><\/em>Bar ab 19.00 Uhr, Eintritt CHF 25.-\/10.-<br \/>\n<em>Reservationen an: info@ruedidebrunner.ch<\/em><br \/>\nGAST: CLAUDE MEIER &#8211; BASS<br \/>\nRUEDI DEBRUNNER \u2013 KLARINETTE, KLAVIER<br \/>\nMARCO K\u00c4PPELI \u2013 PERCUSSION<\/p>\n<p><strong>Claude Meier &#8211; Elektro- und Kontrabass<\/strong><\/p>\n<p><img loading=\"lazy\" decoding=\"async\" class=\"alignnone wp-image-1495\" src=\"https:\/\/www.hoerundjetzt.ch\/wp-content\/uploads\/2022\/12\/ClaudeMeier-Kopie-300x200.jpg\" alt=\"\" width=\"704\" height=\"469\" srcset=\"https:\/\/www.hoerundjetzt.ch\/wp-content\/uploads\/2022\/12\/ClaudeMeier-Kopie-300x200.jpg 300w, https:\/\/www.hoerundjetzt.ch\/wp-content\/uploads\/2022\/12\/ClaudeMeier-Kopie-1024x683.jpg 1024w, https:\/\/www.hoerundjetzt.ch\/wp-content\/uploads\/2022\/12\/ClaudeMeier-Kopie.jpg 1417w\" sizes=\"auto, (max-width: 704px) 100vw, 704px\" \/><br \/>\nClaude Meier ist in der Szene ein gefragter und vielbesch\u00e4ftiger Elektro- und Kontrabassist. Viele Musiker, auch internationel, ob Jazz-, Rock- oder Country, zeigen mit dem Daumen nach oben, wenn sie seinen Namen h\u00f6ren. Er komponiert und arrangiert, schreibt Musik f\u00fcr zahlreiche Formationen und Bands. Er spielt Konzerte auf Tourneen in der Schweiz, in Europa, Japan, S\u00fcdkorea, etc. Er tr\u00e4gt und spielt seinen Sound auf die Theaterb\u00fchnen, in die Clubs und die Konzerthallen. Claude Meier bringt seine B\u00e4sse, egal ob die Saiten dick wie Drahtseile sind oder d\u00fcnn wie Spaghetti, zum Schwingen und zum Jubilieren. Da knarrt das Holz, es \u00e4chzt und flirrt die Melodie, es h\u00e4mmert, klopft und schabt. Meier riskiert &#8217;nen dicken Bass. Dem Zuh\u00f6rer wachsen die Ohren und sein Erstaunen dar\u00fcber, was Claude Meier an Musik mit nur vier Saiten, ganz basslich, \u00fcber die B\u00fchnenkante schwappen l\u00e4sst.<\/p>\n<p><a href=\"http:\/\/www.claudemeier.ch\/musik\/\">http:\/\/www.claudemeier.ch\/musik\/<\/a><\/p>\n","protected":false},"excerpt":{"rendered":"<p>FREITAG, 16. JUNI 2023, 20 UHR PIANOLOUNGE AARAU Sch\u00f6nenwerderstrasse 42, 5000 Aarau\u00a0Karte Bar ab 19.00 Uhr, Eintritt CHF 25.-\/10.- Reservationen an: info@ruedidebrunner.ch GAST: CLAUDE MEIER &#8211; BASS RUEDI DEBRUNNER \u2013 KLARINETTE, KLAVIER MARCO K\u00c4PPELI \u2013 PERCUSSION Claude Meier &#8211; Elektro- und Kontrabass Claude Meier ist in der Szene ein gefragter und vielbesch\u00e4ftiger Elektro- und Kontrabassist. &hellip; <\/p>\n<p class=\"link-more\"><a href=\"https:\/\/www.hoerundjetzt.ch\/?page_id=1515\" class=\"more-link\"><span class=\"screen-reader-text\">\u201eFREITAG, 16. JUNI 2023, GAST: CLAUDE MEIER &#8211; BASS\u201c <\/span>weiterlesen<\/a><\/p>\n","protected":false},"author":1,"featured_media":0,"parent":0,"menu_order":0,"comment_status":"closed","ping_status":"closed","template":"","meta":{"footnotes":""},"class_list":["post-1515","page","type-page","status-publish","hentry"],"_links":{"self":[{"href":"https:\/\/www.hoerundjetzt.ch\/index.php?rest_route=\/wp\/v2\/pages\/1515","targetHints":{"allow":["GET"]}}],"collection":[{"href":"https:\/\/www.hoerundjetzt.ch\/index.php?rest_route=\/wp\/v2\/pages"}],"about":[{"href":"https:\/\/www.hoerundjetzt.ch\/index.php?rest_route=\/wp\/v2\/types\/page"}],"author":[{"embeddable":true,"href":"https:\/\/www.hoerundjetzt.ch\/index.php?rest_route=\/wp\/v2\/users\/1"}],"replies":[{"embeddable":true,"href":"https:\/\/www.hoerundjetzt.ch\/index.php?rest_route=%2Fwp%2Fv2%2Fcomments&post=1515"}],"version-history":[{"count":5,"href":"https:\/\/www.hoerundjetzt.ch\/index.php?rest_route=\/wp\/v2\/pages\/1515\/revisions"}],"predecessor-version":[{"id":1574,"href":"https:\/\/www.hoerundjetzt.ch\/index.php?rest_route=\/wp\/v2\/pages\/1515\/revisions\/1574"}],"wp:attachment":[{"href":"https:\/\/www.hoerundjetzt.ch\/index.php?rest_route=%2Fwp%2Fv2%2Fmedia&parent=1515"}],"curies":[{"name":"wp","href":"https:\/\/api.w.org\/{rel}","templated":true}]}}